ultiple of 49?
True
Does 473 divide 126764?
True
Does 346 divide 354993?
False
Is 32 a factor of 50176?
True
Is 368958 a multiple of 253?
False
Does 34 divide 2736320?
True
Does 514 divide 9252?
True
Is 116619 a multiple of 131?
False
Is 28614 a multiple of 502?
True
Does 8 divide 818640?
True
Is 129 a factor of 7923?
False
Is 2149533 a multiple of 10?
False
Is 85318 a multiple of 36?
False
Is 5196015 a multiple of 218?
False
Is 436 a factor of 279912?
True
Is 93 a factor of 812541?
True
Does 28 divide 2837296?
True
Does 40 divide 58984?
False
Is 41 a factor of 124694?
False
Is 905381 a multiple of 11?
False
Is 4 a factor of 5823?
False
Does 9 divide 21861?
True
Does 105 divide 138129?
False
Is 298900 a multiple of 854?
True
Does 11 divide 2025958?
True
Is 35697 a multiple of 66?
False
Does 40 divide 210800?
True
Is 10695091 a multiple of 17?
True
Is 5 a factor of 254365?
True
Is 449 a factor of 8020681?
False
Is 145222 a multiple of 322?
True
Does 12 divide 3370?
False
Does 4 divide 44?
True
Does 114 divide 5472?
True
Is 118 a factor of 138031?
False
Is 620 a factor of 476021?
False
Is 1023 a factor of 2192289?
True
Does 655 divide 22781751?
False
Is 10332566 a multiple of 391?
True
Is 263960 a multiple of 325?
False
Is 281590 a multiple of 80?
False
Does 33 divide 64878?
True
Is 1803481 a multiple of 8?
False
Is 915264 a multiple of 576?
True
Is 29 a factor of 6221376?
False
Is 18 a factor of 1068318?
True
Does 37 divide 293373?
True
Does 382 divide 336924?
True
Does 148 divide 62268?
False
Is 495 a factor of 158400?
True
Is 20 a factor of 3905420?
True
Does 21 divide 132864?
False
Does 19 divide 198645?
True
Is 303 a factor of 558126?
True
Does 166 divide 3522792?
False
Is 137 a factor of 9277386?
False
Is 29248341 a multiple of 23?
True
Is 1717873 a multiple of 138?
False
Does 8 divide 1091889?
False
Is 15 a factor of 1396095?
True
Does 7 divide 350719?
False
Is 1323824 a multiple of 8?
True
Does 9 divide 1264842?
True
Does 49 divide 3263316?
False
Is 40462 a multiple of 140?
False
Does 137 divide 3510928?
False
Is 40205 a multiple of 215?
True
Does 354 divide 124254?
True
Is 633 a factor of 2456997?
False
Is 257 a factor of 49858?
True
Does 17 divide 695164?
True
Is 42 a factor of 137634?
True
Is 2 a factor of 11448?
True
Is 2614722 a multiple of 1152?
False
Does 2250 divide 23521875?
False
Is 74921 a multiple of 13?
False
Is 18525 a multiple of 39?
True
Does 31 divide 2611688?
True
Is 62579 a multiple of 79?
False
Is 58383 a multiple of 80?
False
Is 3 a factor of 53777?
False
Is 47023 a multiple of 31?
False
Is 21 a factor of 15801?
False
Is 240888 a multiple of 102?
False
Does 23 divide 42684?
False
Is 32 a factor of 19431?
False
Is 573 a factor of 1321338?
True
Is 23 a factor of 2311776?
True
Is 368137 a multiple of 77?
True
Does 213 divide 38639?
False
Does 72 divide 10323956?
False
Is 15 a factor of 1447660?
False
Does 382 divide 1714798?
True
Does 142 divide 438250?
False
Is 16 a factor of 466788?
False
Does 416 divide 399776?
True
Is 16540 a multiple of 5?
True
Is 1228038 a multiple of 21?
True
Is 388441 a multiple of 17?
False
Is 31 a factor of 22878?
True
Is 2656755 a multiple of 15?
True
Does 27 divide 371196?
True
Is 2814368 a multiple of 29?
False
Does 12 divide 663308?
False
Is 234465 a multiple of 435?
True
Does 48 divide 1412640?
True
Is 1438316 a multiple of 270?
False
Does 12 divide 642134?
False
Does 59 divide 549290?
True
Is 57 a factor of 2973234?
True
Is 676 a factor of 7216976?
True
Is 8106 a multiple of 5?
False
Is 202786 a multiple of 82?
True
Is 1268170 a multiple of 58?
True
Does 25 divide 1172225?
True
Is 39 a factor of 31863?
True
Is 125 a factor of 7379130?
False
Does 517 divide 14909680?
False
Is 14 a factor of 106341?
False
Is 373884 a multiple of 257?
False
Does 8 divide 279792?
True
Does 154 divide 10410818?
False
Is 13 a factor of 16748485?
True
Is 37 a factor of 1695618?
False
Is 7 a factor of 276768?
False
Does 40 divide 873136?
False
Is 42 a factor of 34914348?
True
Does 8 divide 185976?
True
Does 39 divide 1983228?
True
Is 4 a factor of 65753?
False
Is 26636 a multiple of 2?
True
Does 34 divide 401778?
True
Is 9722167 a multiple of 10?
False
Does 17 divide 2446756?
False
Does 207 divide 554836?
False
Is 2737 a multiple of 3?
False
Does 75 divide 1860547?
False
Is 323 a factor of 1524883?
True
Is 35 a factor of 172443?
False
Does 1797 divide 13493673?
True
Does 37 divide 2801094?
False
Is 6 a factor of 1104757?
False
Does 12 divide 966515?
False
Is 1462292 a multiple of 35?
False
Is 6137076 a multiple of 44?
True
Is 216 a factor of 266760?
True
Does 4 divide 18029?
False
Does 496 divide 16667584?
True
Does 2 divide 122168?
True
Does 127 divide 4830?
False
Is 21 a factor of 4476654?
True
Is 1611554 a multiple of 10?
False
Does 9 divide 963?
True
Does 44 divide 943567?
False
Does 317 divide 8659157?
False
Is 3684933 a multiple of 11?
False
Is 111 a factor of 564324?
True
Is 363 a factor of 2759266?
False
Does 92 divide 1115975?
False
Is 56 a factor of 12970358?
False
Is 6785025 a multiple of 1558?
False
Does 34 divide 79468?
False
Is 4175752 a multiple of 28?
True
Does 61 divide 30451536?
False
Is 3 a factor of 883352?
False
Does 19 divide 19138448?
False
Does 100 divide 1874500?
True
Is 116 a factor of 172028?
True
Does 388 divide 1224065?
False
Is 96 a factor of 191424?
True
Is 34 a factor of 1013642?
True
Is 573760 a multiple of 440?
True
Does 550 divide 4002900?
True
Does 42 divide 671845?
False
Does 9 divide 6652975?
False
Does 16 divide 40048?
True
Does 2 divide 162213?
False
Is 63 a factor of 12367?
False
Is 217000 a multiple of 40?
True
Is 2 a factor of 165133?
False
Is 169 a factor of 756524?
False
Is 141 a factor of 4398014?
False
Is 4226318 a multiple of 13?
False
Is 24 a factor of 62280?
True
Is 34 a factor of 1921510?
True
Is 5185560 a multiple of 40?
True
Is 50 a factor of 47250?
True
Does 4 divide 53144?
True
Does 736 divide 7801600?
True
Is 121 a factor of 1006236?
True
Is 327071 a multiple of 470?
False
Is 15390 a multiple of 90?
True
Is 70 a factor of 73780?
True
Does 22 divide 221122?
True
Does 16 divide 2101712?
True
Is 93 a factor of 4315655?
False
Is 27780 a multiple of 10?
True
Does 74 divide 11914?
True
Does 11 divide 81166?
False
Does 55 divide 427570?
True
Is 2535466 a multiple of 118?
True
Is 1697656 a multiple of 6?
False
Is 1222606 a multiple of 14?
True
Does 61 divide 1405530?
False
Is 2067913 a multiple of 22?
False
Does 226 divide 1318258?
True
Is 2549427 a multiple of 107?
False
Is 3568473 a multiple of 23?
True
Is 106020 a multiple of 18?
True
Is 196 a factor of 369264?
True
Is 13957449 a multiple of 517?
True
Does 5 divide 399197?
False
Does 216 divide 179812?
False
Is 10722 a multiple of 6?
True
Is 39 a factor of 4109345?
False
Does 548 divide 18084?
True
Is 4185064 a multiple of 8?
True
Is 387 a factor of 11605578?
False
Is 2 a factor of 34062?
True
Is 154343 a multiple of 206?
False
Does 142 divide 4234724?
True
Is 68980 a multiple of 75?
False
Is 626792 a multiple of 188?
True
Is 425503 a multiple of 7?
False
Does 13 divide 221858?
True
Is 1734020 a multiple of 10?
True
Does 117 divide 14987335?
False
Is 1112412 a multiple of 28?
True
Is 33 a factor of 7882941?
True
Does 28 divide 955644?
False
Is 8 a factor of 597602?
False
Is 174947 a multiple of 15?
False
Is 165354 a multiple of 31?
True
Is 33242 a multiple of 2?
True
Is 12 a factor of 1487784?
True
Is 173537 a multiple of 347?
False
Does 1042 divide 1970663?
False
Is 22 a factor of 742060?
True
Does 59 divide 39412?
True
Is 3826357 a multiple of 23?
False
Does 46 divide 5345886?
False
Is 1088013 a multiple of 53?
False
Is 84 a factor of 110433?
False
Is 1404512 a multiple of 13?
False
Is 8 a factor of 464843?
False
Is 300 a factor of 39482?
False
Does 23 divide 14638281?
True
Does 8 divide 173256?
True
Does 523 divide 9977?
False
Is 158 a factor of 132720?
True
Is 78 a factor of 2733336?
False
Does 16 divide 1518144?
True
Is 7 a factor of 182693?
True
Is 17 a factor of 737545?
True
Is 10243380 a multiple of 130?
False
Is 1097018 a multiple of 19?
False
Is 34494 even?
True
Is 14 a factor of 12465343?
False
Is 230 a factor of 832051?
False
Is 1281 a factor of 2549190?
True
Is 25 a factor of 7604708?
False
Is 